{"id":47,"date":"2020-09-14T20:52:23","date_gmt":"2020-09-14T20:52:23","guid":{"rendered":"https:\/\/breitihof-wildensbuch.ch\/?page_id=47"},"modified":"2020-09-14T21:04:54","modified_gmt":"2020-09-14T21:04:54","slug":"kontakt","status":"publish","type":"page","link":"https:\/\/breitihof-wildensbuch.ch\/index.php\/startseite\/kontakt\/","title":{"rendered":"Kontakt"},"content":{"rendered":"\n<p>Haben Sie Fragen zu unseren Produkten, dem Hof oder zu uns, oder m\u00f6chten Sie eine Bestellung aufgeben, sind wir jeder Zeit f\u00fcr Sie erreichbar.<br>Gerne k\u00f6nnen Sie uns per Mail, Telefon, Kontaktformular, Brieftaube und Schneckenpost kontaktieren \ud83d\ude09<\/p>\n\n\n\n<p><strong>Kontakt:<\/strong><br>Generationengemeinschaft Peter Thomas und Urs<br>Breitestrasse 4<br>8465 Wildensbuch<br>Email: <a href=\"mailto:peter@breitihof-wildensbuch.ch\">peter@breitihof-wildensbuch.ch<\/a><br>Tel.: 078 837 32 26<\/p>\n\n\n\n<div class=\"wp-block-themeisle-blocks-advanced-columns has-2-columns has-desktop-equal-layout has-tablet-equal-layout has-mobile-collapsedRows-layout has-default-gap has-vertical-unset\" id=\"wp-block-themeisle-blocks-advanced-columns-cb6e406d\"><div class=\"wp-block-themeisle-blocks-advanced-columns-overlay\"><\/div><div class=\"innerblocks-wrap\">\n<div class=\"wp-block-themeisle-blocks-advanced-column\" id=\"wp-block-themeisle-blocks-advanced-column-b7c74e9a\">\n\n<div class=\"wpcf7 no-js\" id=\"wpcf7-f45-o1\" lang=\"de-DE\" dir=\"ltr\" data-wpcf7-id=\"45\">\n<div class=\"screen-reader-response\"><p role=\"status\" aria-live=\"polite\" aria-atomic=\"true\"><\/p> <ul><\/ul><\/div>\n<form action=\"\/index.php\/wp-json\/wp\/v2\/pages\/47#wpcf7-f45-o1\" method=\"post\" class=\"wpcf7-form init\" aria-label=\"Kontaktformular\" novalidate=\"novalidate\" data-status=\"init\">\n<fieldset class=\"hidden-fields-container\"><input type=\"hidden\" name=\"_wpcf7\" value=\"45\" \/><input type=\"hidden\" name=\"_wpcf7_version\" value=\"6.1.5\" \/><input type=\"hidden\" name=\"_wpcf7_locale\" value=\"de_DE\" \/><input type=\"hidden\" name=\"_wpcf7_unit_tag\" value=\"wpcf7-f45-o1\" \/><input type=\"hidden\" name=\"_wpcf7_container_post\" value=\"0\" \/><input type=\"hidden\" name=\"_wpcf7_posted_data_hash\" value=\"\" \/>\n<\/fieldset>\n<fieldset>\n\t<legend>Ihre Nachricht an uns\n\t<\/legend>\n\t<ol>\n\t\t<li>\n\t\t\t<p>Name <span class=\"wpcf7-form-control-wrap\" data-name=\"your-name\"><input size=\"40\" maxlength=\"400\" class=\"wpcf7-form-control wpcf7-text\" aria-invalid=\"false\" value=\"\" type=\"text\" name=\"your-name\" \/><\/span>\n\t\t\t<\/p>\n\t\t<\/li>\n\t\t<li>\n\t\t\t<p>Email <span class=\"wpcf7-form-control-wrap\" data-name=\"your-email\"><input size=\"40\" maxlength=\"400\" class=\"wpcf7-form-control wpcf7-email wpcf7-validates-as-required wpcf7-text wpcf7-validates-as-email\" aria-required=\"true\" aria-invalid=\"false\" value=\"\" type=\"email\" name=\"your-email\" \/><\/span>\n\t\t\t<\/p>\n\t\t<\/li>\n\t\t<li>\n\t\t\t<p>Telefon <span class=\"wpcf7-form-control-wrap\" data-name=\"your-phone\"><input size=\"40\" maxlength=\"400\" class=\"wpcf7-form-control wpcf7-tel wpcf7-text wpcf7-validates-as-tel\" aria-invalid=\"false\" value=\"\" type=\"tel\" name=\"your-phone\" \/><\/span>\n\t\t\t<\/p>\n\t\t<\/li>\n\t\t<li>\n\t\t\t<p>Nachricht <span class=\"wpcf7-form-control-wrap\" data-name=\"your-message\"><textarea cols=\"40\" rows=\"10\" maxlength=\"2000\" class=\"wpcf7-form-control wpcf7-textarea\" aria-invalid=\"false\" name=\"your-message\"><\/textarea><\/span>\n\t\t\t<\/p>\n\t\t<\/li>\n\t<\/ol>\n\t<p><input class=\"wpcf7-form-control wpcf7-submit has-spinner\" type=\"submit\" value=\"Senden\" \/>\n\t<\/p>\n\t<p><br \/>\n* Erforderlich\n\t<\/p>\n<\/fieldset><div class=\"wpcf7-response-output\" aria-hidden=\"true\"><\/div>\n<\/form>\n<\/div>\n\n<\/div>\n\n\n\n<div class=\"wp-block-themeisle-blocks-advanced-column\" id=\"wp-block-themeisle-blocks-advanced-column-088b2232\"><\/div>\n<\/div><\/div>\n\n\n\n<p><\/p>\n","protected":false},"excerpt":{"rendered":"<p>Haben Sie Fragen zu unseren Produkten, dem Hof oder zu uns, oder m\u00f6chten Sie eine Bestellung aufgeben, sind wir jeder Zeit f\u00fcr Sie erreichbar.Gerne k\u00f6nnen Sie uns per Mail, Telefon, Kontaktformular, Brieftaube und Schneckenpost kontaktieren \ud83d\ude09 Kontakt:Generationengemeinschaft Peter Thomas und UrsBreitestrasse 48465 WildensbuchEmail: peter@breitihof-wildensbuch.chTel.: 078 837 32 26<\/p>\n","protected":false},"author":1,"featured_media":0,"parent":46,"menu_order":0,"comment_status":"closed","ping_status":"closed","template":"","meta":{"_uag_custom_page_level_css":"","neve_meta_sidebar":"default","neve_meta_container":"","neve_meta_enable_content_width":"off","neve_meta_content_width":100,"neve_meta_title_alignment":"","neve_meta_author_avatar":"","neve_post_elements_order":"","neve_meta_disable_header":"","neve_meta_disable_footer":"","neve_meta_disable_title":"","neve_meta_reading_time":"","_themeisle_gutenberg_block_has_review":false,"footnotes":""},"class_list":["post-47","page","type-page","status-publish","hentry"],"yoast_head":"<!-- This site is optimized with the Yoast SEO plugin v27.4 - https:\/\/yoast.com\/product\/yoast-seo-wordpress\/ -->\n<title>Kontakt - Breitihof Wildensbuch<\/title>\n<meta name=\"robots\" content=\"index, follow, max-snippet:-1, max-image-preview:large, max-video-preview:-1\" \/>\n<link rel=\"canonical\" href=\"https:\/\/breitihof-wildensbuch.ch\/index.php\/startseite\/kontakt\/\" \/>\n<meta property=\"og:locale\" content=\"de_DE\" \/>\n<meta property=\"og:type\" content=\"article\" \/>\n<meta property=\"og:title\" content=\"Kontakt - Breitihof Wildensbuch\" \/>\n<meta property=\"og:description\" content=\"Haben Sie Fragen zu unseren Produkten, dem Hof oder zu uns, oder m\u00f6chten Sie eine Bestellung aufgeben, sind wir jeder Zeit f\u00fcr Sie erreichbar.Gerne k\u00f6nnen Sie uns per Mail, Telefon, Kontaktformular, Brieftaube und Schneckenpost kontaktieren \ud83d\ude09 Kontakt:Generationengemeinschaft Peter Thomas und UrsBreitestrasse 48465 WildensbuchEmail: peter@breitihof-wildensbuch.chTel.: 078 837 32 26\" \/>\n<meta property=\"og:url\" content=\"https:\/\/breitihof-wildensbuch.ch\/index.php\/startseite\/kontakt\/\" \/>\n<meta property=\"og:site_name\" content=\"Breitihof Wildensbuch\" \/>\n<meta property=\"article:modified_time\" content=\"2020-09-14T21:04:54+00:00\" \/>\n<meta name=\"twitter:card\" content=\"summary_large_image\" \/>\n<script type=\"application\/ld+json\" class=\"yoast-schema-graph\">{\"@context\":\"https:\\\/\\\/schema.org\",\"@graph\":[{\"@type\":\"WebPage\",\"@id\":\"https:\\\/\\\/breitihof-wildensbuch.ch\\\/index.php\\\/startseite\\\/kontakt\\\/\",\"url\":\"https:\\\/\\\/breitihof-wildensbuch.ch\\\/index.php\\\/startseite\\\/kontakt\\\/\",\"name\":\"Kontakt - Breitihof Wildensbuch\",\"isPartOf\":{\"@id\":\"https:\\\/\\\/breitihof-wildensbuch.ch\\\/#website\"},\"datePublished\":\"2020-09-14T20:52:23+00:00\",\"dateModified\":\"2020-09-14T21:04:54+00:00\",\"breadcrumb\":{\"@id\":\"https:\\\/\\\/breitihof-wildensbuch.ch\\\/index.php\\\/startseite\\\/kontakt\\\/#breadcrumb\"},\"inLanguage\":\"de\",\"potentialAction\":[{\"@type\":\"ReadAction\",\"target\":[\"https:\\\/\\\/breitihof-wildensbuch.ch\\\/index.php\\\/startseite\\\/kontakt\\\/\"]}]},{\"@type\":\"BreadcrumbList\",\"@id\":\"https:\\\/\\\/breitihof-wildensbuch.ch\\\/index.php\\\/startseite\\\/kontakt\\\/#breadcrumb\",\"itemListElement\":[{\"@type\":\"ListItem\",\"position\":1,\"name\":\"Home\",\"item\":\"https:\\\/\\\/breitihof-wildensbuch.ch\\\/\"},{\"@type\":\"ListItem\",\"position\":2,\"name\":\"Startseite\",\"item\":\"https:\\\/\\\/breitihof-wildensbuch.ch\\\/\"},{\"@type\":\"ListItem\",\"position\":3,\"name\":\"Kontakt\"}]},{\"@type\":\"WebSite\",\"@id\":\"https:\\\/\\\/breitihof-wildensbuch.ch\\\/#website\",\"url\":\"https:\\\/\\\/breitihof-wildensbuch.ch\\\/\",\"name\":\"Breitihof Wildensbuch\",\"description\":\"Beste Weine, Alpakaprodukte, Selbstgemachtes und Geschenkes\",\"publisher\":{\"@id\":\"https:\\\/\\\/breitihof-wildensbuch.ch\\\/#organization\"},\"potentialAction\":[{\"@type\":\"SearchAction\",\"target\":{\"@type\":\"EntryPoint\",\"urlTemplate\":\"https:\\\/\\\/breitihof-wildensbuch.ch\\\/?s={search_term_string}\"},\"query-input\":{\"@type\":\"PropertyValueSpecification\",\"valueRequired\":true,\"valueName\":\"search_term_string\"}}],\"inLanguage\":\"de\"},{\"@type\":\"Organization\",\"@id\":\"https:\\\/\\\/breitihof-wildensbuch.ch\\\/#organization\",\"name\":\"Breitihof Wildensbuch\",\"url\":\"https:\\\/\\\/breitihof-wildensbuch.ch\\\/\",\"logo\":{\"@type\":\"ImageObject\",\"inLanguage\":\"de\",\"@id\":\"https:\\\/\\\/breitihof-wildensbuch.ch\\\/#\\\/schema\\\/logo\\\/image\\\/\",\"url\":\"https:\\\/\\\/breitihof-wildensbuch.ch\\\/wp-content\\\/uploads\\\/2020\\\/04\\\/Breitihof2-e1599937435189.jpg\",\"contentUrl\":\"https:\\\/\\\/breitihof-wildensbuch.ch\\\/wp-content\\\/uploads\\\/2020\\\/04\\\/Breitihof2-e1599937435189.jpg\",\"width\":955,\"height\":832,\"caption\":\"Breitihof Wildensbuch\"},\"image\":{\"@id\":\"https:\\\/\\\/breitihof-wildensbuch.ch\\\/#\\\/schema\\\/logo\\\/image\\\/\"}}]}<\/script>\n<!-- \/ Yoast SEO plugin. -->","yoast_head_json":{"title":"Kontakt - Breitihof Wildensbuch","robots":{"index":"index","follow":"follow","max-snippet":"max-snippet:-1","max-image-preview":"max-image-preview:large","max-video-preview":"max-video-preview:-1"},"canonical":"https:\/\/breitihof-wildensbuch.ch\/index.php\/startseite\/kontakt\/","og_locale":"de_DE","og_type":"article","og_title":"Kontakt - Breitihof Wildensbuch","og_description":"Haben Sie Fragen zu unseren Produkten, dem Hof oder zu uns, oder m\u00f6chten Sie eine Bestellung aufgeben, sind wir jeder Zeit f\u00fcr Sie erreichbar.Gerne k\u00f6nnen Sie uns per Mail, Telefon, Kontaktformular, Brieftaube und Schneckenpost kontaktieren \ud83d\ude09 Kontakt:Generationengemeinschaft Peter Thomas und UrsBreitestrasse 48465 WildensbuchEmail: peter@breitihof-wildensbuch.chTel.: 078 837 32 26","og_url":"https:\/\/breitihof-wildensbuch.ch\/index.php\/startseite\/kontakt\/","og_site_name":"Breitihof Wildensbuch","article_modified_time":"2020-09-14T21:04:54+00:00","twitter_card":"summary_large_image","schema":{"@context":"https:\/\/schema.org","@graph":[{"@type":"WebPage","@id":"https:\/\/breitihof-wildensbuch.ch\/index.php\/startseite\/kontakt\/","url":"https:\/\/breitihof-wildensbuch.ch\/index.php\/startseite\/kontakt\/","name":"Kontakt - Breitihof Wildensbuch","isPartOf":{"@id":"https:\/\/breitihof-wildensbuch.ch\/#website"},"datePublished":"2020-09-14T20:52:23+00:00","dateModified":"2020-09-14T21:04:54+00:00","breadcrumb":{"@id":"https:\/\/breitihof-wildensbuch.ch\/index.php\/startseite\/kontakt\/#breadcrumb"},"inLanguage":"de","potentialAction":[{"@type":"ReadAction","target":["https:\/\/breitihof-wildensbuch.ch\/index.php\/startseite\/kontakt\/"]}]},{"@type":"BreadcrumbList","@id":"https:\/\/breitihof-wildensbuch.ch\/index.php\/startseite\/kontakt\/#breadcrumb","itemListElement":[{"@type":"ListItem","position":1,"name":"Home","item":"https:\/\/breitihof-wildensbuch.ch\/"},{"@type":"ListItem","position":2,"name":"Startseite","item":"https:\/\/breitihof-wildensbuch.ch\/"},{"@type":"ListItem","position":3,"name":"Kontakt"}]},{"@type":"WebSite","@id":"https:\/\/breitihof-wildensbuch.ch\/#website","url":"https:\/\/breitihof-wildensbuch.ch\/","name":"Breitihof Wildensbuch","description":"Beste Weine, Alpakaprodukte, Selbstgemachtes und Geschenkes","publisher":{"@id":"https:\/\/breitihof-wildensbuch.ch\/#organization"},"potentialAction":[{"@type":"SearchAction","target":{"@type":"EntryPoint","urlTemplate":"https:\/\/breitihof-wildensbuch.ch\/?s={search_term_string}"},"query-input":{"@type":"PropertyValueSpecification","valueRequired":true,"valueName":"search_term_string"}}],"inLanguage":"de"},{"@type":"Organization","@id":"https:\/\/breitihof-wildensbuch.ch\/#organization","name":"Breitihof Wildensbuch","url":"https:\/\/breitihof-wildensbuch.ch\/","logo":{"@type":"ImageObject","inLanguage":"de","@id":"https:\/\/breitihof-wildensbuch.ch\/#\/schema\/logo\/image\/","url":"https:\/\/breitihof-wildensbuch.ch\/wp-content\/uploads\/2020\/04\/Breitihof2-e1599937435189.jpg","contentUrl":"https:\/\/breitihof-wildensbuch.ch\/wp-content\/uploads\/2020\/04\/Breitihof2-e1599937435189.jpg","width":955,"height":832,"caption":"Breitihof Wildensbuch"},"image":{"@id":"https:\/\/breitihof-wildensbuch.ch\/#\/schema\/logo\/image\/"}}]}},"uagb_featured_image_src":{"full":false,"thumbnail":false,"medium":false,"medium_large":false,"large":false,"1536x1536":false,"2048x2048":false,"neve-blog":false,"woocommerce_thumbnail":false,"woocommerce_single":false,"woocommerce_gallery_thumbnail":false},"uagb_author_info":{"display_name":"admin","author_link":"https:\/\/breitihof-wildensbuch.ch\/index.php\/author\/levin41\/"},"uagb_comment_info":0,"uagb_excerpt":"Haben Sie Fragen zu unseren Produkten, dem Hof oder zu uns, oder m\u00f6chten Sie eine Bestellung aufgeben, sind wir jeder Zeit f\u00fcr Sie erreichbar.Gerne k\u00f6nnen Sie uns per Mail, Telefon, Kontaktformular, Brieftaube und Schneckenpost kontaktieren \ud83d\ude09 Kontakt:Generationengemeinschaft Peter Thomas und UrsBreitestrasse 48465 WildensbuchEmail: peter@breitihof-wildensbuch.chTel.: 078 837 32 26","jetpack_sharing_enabled":true,"_links":{"self":[{"href":"https:\/\/breitihof-wildensbuch.ch\/index.php\/wp-json\/wp\/v2\/pages\/47","targetHints":{"allow":["GET"]}}],"collection":[{"href":"https:\/\/breitihof-wildensbuch.ch\/index.php\/wp-json\/wp\/v2\/pages"}],"about":[{"href":"https:\/\/breitihof-wildensbuch.ch\/index.php\/wp-json\/wp\/v2\/types\/page"}],"author":[{"embeddable":true,"href":"https:\/\/breitihof-wildensbuch.ch\/index.php\/wp-json\/wp\/v2\/users\/1"}],"replies":[{"embeddable":true,"href":"https:\/\/breitihof-wildensbuch.ch\/index.php\/wp-json\/wp\/v2\/comments?post=47"}],"version-history":[{"count":5,"href":"https:\/\/breitihof-wildensbuch.ch\/index.php\/wp-json\/wp\/v2\/pages\/47\/revisions"}],"predecessor-version":[{"id":170,"href":"https:\/\/breitihof-wildensbuch.ch\/index.php\/wp-json\/wp\/v2\/pages\/47\/revisions\/170"}],"up":[{"embeddable":true,"href":"https:\/\/breitihof-wildensbuch.ch\/index.php\/wp-json\/wp\/v2\/pages\/46"}],"wp:attachment":[{"href":"https:\/\/breitihof-wildensbuch.ch\/index.php\/wp-json\/wp\/v2\/media?parent=47"}],"curies":[{"name":"wp","href":"https:\/\/api.w.org\/{rel}","templated":true}]}}